 + 284. Is m composite?
False
Suppose 2*q + 14 = 5*g + 5, -4*q + g = 63. Is ((-75556)/68)/(-1) - (-2)/q a prime number?
False
Is 6/11 + 5249985/33 + -5 + 11 prime?
True
Let h(b) = -24 + 27 - 4 + 131*b + 55*b. Let q(u) = 3*u**2 + u + 1. Let m be q(-1). Is h(m) composite?
False
Let c be ((-25)/(-10))/(171/(-84) + 2). Let k = c - -66. Is -1 + 0 - -2896 - (k - -2) prime?
True
Is (-14)/(-91) + (9452738/8)/(13/4) a composite number?
True
Suppose 16*g - 3*g - g = 1883796. Is g prime?
False
Suppose -2*q + 10 = 3*w, 3*q - 4*w = 249 - 217. Let x be 6 - (4/(-2) - 0). Is 2458/x + 4 + (-34)/q a prime number?
True
Suppose -4*h + 5*d + 22 = 0, -4*h = 5*d + 3 - 5. Suppose h*k = -0*k + 45. Suppose y = 23 + k. Is y a composite number?
True
Suppose -5*f + 3*x = -87, -3*x + 4*x = -4*f + 56. Let y be 130/f*129 - 0. Suppose 2*p + 2*i = y, 0 = 3*p - 8*p - i + 2787. Is p a composite number?
False
Suppose 31*s - 3497823 = -747472. Is s prime?
True
Suppose 11*d + 127 = 12645. Suppose d - 51 = k. Is k prime?
True
Let y = 656 + -633. Let k = y + 251. Is k composite?
True
Suppose 0 = -9*j + 6*j + 5130. Suppose 5*u = j + 3790. Let b = u + -783. Is b a composite number?
False
Suppose 0 = 96*s - 125*s + 1343483. Is s a prime number?
True
Let w(d) = -2279*d**3 + 5*d**2 + 3*d + 9. Let l be w(5). Is l/(-30) - 20/(-150) prime?
True
Suppose 0 = 20*r - 564340 - 273040. Is r a prime number?
False
Let p be 1/(-4)*72/(-9). Suppose 0 = -j + r + 16, 5*j = p*r - 6*r + 62. Let w(i) = 34*i - 9. Is w(j) composite?
False
Suppose -t - 7791 = 6*t. Suppose 5*i - 2*i = -4*x - 3022, -1512 = 2*x + 2*i. Let n = x - t. Is n a composite number?
False
Let d(w) = -w**3 + 133*w**2 + 23*w + 1503. Is d(124) composite?
True
Suppose -10*d = -5*d + 685. Let z = 307 - d. Let t = z + -253. Is t a composite number?
False
Let l(s) be the first derivative of -961*s**3/3 + s**2/2 + 4*s - 3. Let c be l(-3). Is (-2)/(-6) - c/12 prime?
False
Suppose 1389*j - 1399*j + 1387670 = 0. Is j composite?
True
Suppose 0 = 19*k - 9103 - 544234. Is k prime?
True
Let r(s) = -3795 + 4*s**2 - 4*s**2 + 3806 + 10*s - 70*s**3. Is r(-2) composite?
True
Let s(v) = v**3 - v**2 + 2*v - 1. Let n be s(2). Let b be (28/6)/n*18. Suppose -g = -3*u - 25, 3*u + 53 = 5*g - b. Is g prime?
False
Suppose 148*i + 25048285 = 185135967 + 177035450. Is i prime?
True
Let o = -301 + 300. Is o*(2 + (-377 - 4)) composite?
False
Let d(v) = 3775*v**2 - 8*v + 21. Is d(4) prime?
False
Let g = -31 + 39. Suppose -5*i + g = -4*i. Is 6/48 + 199/i a prime number?
False
Let n = -57 - -64. Suppose -n = -2*r + 1. Suppose 770 = r*j - 2*l, -2*j = -3*j - l + 188. Is j a composite number?
False
Let p = 2886 - 1114. Let h = p + -2675. Let u = h - -1688. Is u a composite number?
True
Let w be 15*1 + -4*(-3)/(-6). Is (15 - w) + 4194/2 a composite number?
False
Let m(y) = 57*y**3 - 2*y**2 + 4*y + 1. Let a be m(4). Suppose -9*s = -30 - a. Is s a composite number?
True
Let c(f) = 2*f**3 - 3*f**2 + 2*f + 1. Let g be c(2). Suppose -6*r + 95670 = g*r. Suppose 3*w - 2963 = 5*n, 3*n - 1429 = 5*w - r. Is w a composite number?
False
Let a(q) = -1745*q**3 + 2*q**2 - 1. Let r be a(-1). Let g = r + -2973. Is g*5/(-18 - -3) a composite number?
False
Suppose -39*b - 56*b + 7473935 = 0. Is b a prime number?
False
Let c = 35074 + 95409. Is c a composite number?
False
Let f(x) = -444*x + 761. Is f(-11) a prime number?
False
Let y be 3*((-4)/1 + 9517). Suppose 10*m = y - 2909. Suppose 5*s = 17982 + m. Is s a prime number?
False
Let s be (-3)/4 - 6293/(-28). Let w = s - -191. Is w a composite number?
True
Let y be (-6 - (-9)/3) + 5027. Suppose -5*b - 11284 + 3715 = -3*m, 2*m + 4*b - y = 0. Is m a prime number?
False
Let n = 437 - -2244. Suppose 7*h + n = 14*h. Suppose -4*m + 2611 = h. Is m composite?
False
Let t(g) = -6*g**3 + 2*g**2 - 8*g + 6. Let z be t(-5). Let c(x) = x - 3. Let s be c(6). Suppose 0 = -3*i - s*i + z. Is i prime?
False
Let p(v) = -v**3 + 6*v**2 + 17*v - 4. Let l be p(8). Suppose 0 = -4*d + l*n + 11412, n = -0*d - 3*d + 8563. Is d a composite number?
True
Let m(d) = 28*d**2 - 6*d - 17. Let j be m(7). Suppose 4*k = 2614 + 206. Suppose k = 2*g - j. Is g prime?
True
Suppose -18 = -10*n + 12. Is n/1 + (-57924)/(-18) a composite number?
False
Let o be -1 + (-15)/5 + -12772. Let x = 3039 - o. Is x prime?
False
Let c(v) = -1067*v**2 + 12*v - 7. Let s be c(5). Let k = s + 38891. Is k a prime number?
True
Let t(c) = 188*c**2 - 4*c - 28. Let o be t(-6). Suppose -8*f = -o - 2108. Is f prime?
True
Suppose 46*o - 55*o = 0. Is (o + 11)/(7/(-19341)*-9) prime?
False
Is -2 + 24/11 - 12833070/(-682) prime?
False
Suppose a - 29234 = -3*q, -2*q + 5*a - 6*a = -19489. Is q a composite number?
True
Let d = -1500524 + 2967327. Is d prime?
False
Is (-742825)/(-5) - (8/32 - (-25)/(-4)) a prime number?
False
Is ((-69)/(-138))/((-1)/(-34462)) a prime number?
True
Let t = -10933 + 30816. Is t composite?
True
Let q = -1520510 - -2229313. Is q a composite number?
False
Suppose -4302 = -r - 537. Let d = 436 + r. Is d prime?
True
Let g be (124/(-20) + 3)/((-4)/1030). Suppose -g = -q - 3*k - 0*k, 3*k + 2460 = 3*q. Is q a prime number?
True
Suppose 0 = 82*o - 0*o - 93887786. Is o a composite number?
False
Let i(j) be the third derivative of -79*j**6/20 - j**5/10 - 13*j**4/24 - j**3/2 + 4*j**2 - 5. Is i(-2) prime?
False
Suppose -1911*l + 1929*l = 681282. Is l a prime number?
False
Let d be (-2)/(-3)*((3 - 5) + 47). Let m be 15/d - (-2503)/(-2). Let l = m - -1942. Is l composite?
False
Let t = -268439 + 1443280. Is t a composite number?
True
Let u be (4 - 16/(20/5)) + 3. Let z(f) = 892*f + 5. Is z(u) composite?
True
Let h(t) = t + 61. Let q be (0 - (-9)/(-6))*-72. Let m = -120 + q. Is h(m) a composite number?
True
Suppose -978316 = -112*a + 1016740. Is a a prime number?
False
Let f(d) = d**3 + 10*d**2 - 11*d - 8. Let l be f(-10). Let x = -7 + l. Suppose -z - 21 = -q + 77, x = q + 2*z. Is q a composite number?
False
Let n(y) = 53*y**3 - 2*y**2 + 2*y - 1. Let d be n(1). Is 9080/16*d/10 prime?
False
Suppose 0 = 39*j - 38*j + c - 81699, -4*j = -c - 326776. Is j composite?
True
Let w = -45155 - -31389. Is w/(-14) + 264/(-924) prime?
True
Let r(q) be the first derivative of -83*q**4/4 - q**3 - 7*q**2/2 - 7*q + 468. Suppose -3*j - j - 8 = 0. Is r(j) a composite number?
False
Let z = 162 + -126. Is (z/24)/(9/22818) prime?
True
Suppose -7*f + 7*f - 33*f + 2709597 = 0. Is f prime?
False
Let o be (-1)/2 + ((-21869855)/10)/(-19). Is ((-6)/10)/(-1) - o/(-110) composite?
True
Let f be (4*1/14)/(20/140). Let k(s) = 6 - f - 1 - 3*s + 713*s**2 + 0. Is k(1) a prime number?
False
Let d(t) = 1903*t**2 + 43*t + 23. Is d(-7) prime?
False
Let d(m) = 7*m + 2403. Let k be d(0). Suppose 0 = -y - 564 + k. Is y a composite number?
True
Let s(k) = -1899*k - 878. Is s(-23) prime?
False
Suppose h = -2*h + 9. Suppose -a - 2*o = 4*a - 12839, -h*a = 4*o - 7695. Is a a prime number?
False
Let z(t) = -115*t**3 + 3*t**2 + 5*t + 2. Let f be z(-1). Suppose -f*d + 113*d + 1594 = 0. Is d composite?
False
Let v(o) = 106*o - 19. Suppose 3 = -2*g + 5*g - 2*p, -3*g - 4*p + 3 = 0. Is v(g) a composite number?
True
Suppose -9*m + 284 = 1166. Let q = m - -1165. Is q composite?
True
Suppose 1184 = -5*b - 4241. Is 9 + -3 - (b - -4) a composite number?
False
Is (5*15/(-75))/((-2)/424282) a composite number?
False
Suppose -31 = -5*x - j, j - 8 - 9 = -3*x. Suppose 11*h - 25596 = x*h - 2*z, -5*h + 32009 = -z. Is h a prime number?
False
Suppose a + 316034 = o, -o + 248365 = 5*a - 67651. Is o a prime number?
True
Let y = -9110 - -4205. Let c = 7276 + y. Is c a prime number?
True
Suppose -4 = -4*s, -s + 5*s = -b + 7. Suppose b*u = 9*u - 24. Suppose y + 6159 = u*y. Is y prime?
True
Suppose 0 = -2*c - 4*d + 4, -4 = d - 5. Suppose -2*p = c, -4*k + 3*p + 4768 = 5*p. Suppose x - 987 - k = 0. Is x prime?
True
Suppose 21 = 3*s + 6. Let m = 0 + s. Suppose 0 = 5*c - 4*h - 1697, m*c + 5*h - 250 = 1465. Is c prime?
False
Let s(v) = -33*v**2 - 6 - v**2 + 4*v + 2. Let m be s(-7). Let q = m + 2605. Is q a composite number?
False
Let p(x) = 25*x**2 + 19*x - 5. Let j be (-6)/4 - (-45)/10. Suppose j*y = -0*y, 3*v = -5*y - 18. Is p(v) a composite number?
True
Suppose 72243 = 3*c - 3*m, -4*c + m + 48161 = -2*c. Let a = -7749 + c. Is a a prime number?
False
Let g be 2*(-1)/(4/(-4)). S